4. Let f be (-4)/6 - 60/18. Let w be a(f). Let v(u) be the second derivative of u**4/12 + u**3/6 - 3*u**2 - 23*u. Determine v(w).
-6
Suppose 3*r = -4*r. Suppose r = -5*v + 2*t + 27, -2*t = -v - 6*t + 1. Let c(n) = v + 0 + 3 - n. Determine c(5).
3
Let w(f) = 17*f - 10. Let v(s) be the third derivative of -3*s**4/8 + 5*s**3/6 + 21*s**2. Let h(j) = -11*v(j) - 6*w(j). What is h(5)?
-10
Let f be (-261)/(-12) - (-9)/(-12). Let s(a) = f*a + 10*a + 17*a - 14*a**2 - 49*a. Give s(1).
-15
Suppose -a - r = -2*a + 3, 0 = 2*a + r. Let i(q) = -9*q - a + 0*q + 8*q. Determine i(0).
-1
Suppose -253*g = -251*g + 4. Let w(f) = -f**3 + f**2 - 2. Calculate w(g).
10
Let q(y) = 6*y**2 - 6*y + 10. Let w(f) = 23*f + 7. Let p be w(7). Let j be p/(-8)*2/6. Let d(n) = 4*n**2 - 4*n + 7. Let o(a) = j*d(a) + 5*q(a). Give o(1).
1
Let x(s) be the first derivative of -s**2/2 + s + 2. Let c(j) = 4*j. Let d(n) = -c(n) - 5*x(n). What is d(0)?
-5
Let a(y) be the third derivative of y**7/2520 + y**6/720 + y**5/30 - y**4/8 + 10*y**2. Let n(k) be the second derivative of a(k). Give n(-3).
10
Let t(a) = -a + 1. Let r(f) = -f**2 + 3. Let c(g) = -g**3 - 3*g**2. Let q be c(-3). Let d be r(q). Suppose -4 = d*b - 2*b, -5*v - 4*b = 41. Determine t(v).
6
Let v(t) = -t + 2. Let j(r) = -1. Let u(c) = -1. Let p(l) = 5*j(l) - 4*u(l). Let w(g) = 6*p(g) - v(g). Give w(7).
-1
Let o(a) = -5*a**2 + a + 2. Let v(n) = n**3 - 8*n**2 + 4*n - 12. Let w be v(8). Let t = 22 - w. Determine o(t).
-16
Suppose 0 = 6*s - 3 + 15. Suppose 3*n = -3 - 9, 0 = 3*c - n - 4. Let x(k) = -2*k - 4 + 5 + c. Determine x(s).
5
Let g(n) be the second derivative of n**4/6 + n**3 + 3*n**2/2 + n + 22. Calculate g(-3).
3
Let p = 20 + -17. Suppose -3*y + 6*y - p*h = 0, 2 = 3*y - 5*h. Let m(g) = 6*g**3 + 2*g**2 + g. Give m(y).
-5
Let k(m) = -189 + 5*m - m**3 + 188 + 10*m**2 + 2*m + 0*m - 16*m**2. Determine k(-7).
-1
Let v(x) = -x**3 + 3*x**2 + 3*x + 2. Let c(o) = -o**2 + 9*o - 11. Let z(w) = w**2 + 11*w - 19. Let i be z(-13). Let r be c(i). Calculate v(r).
11
Let t(m) = -2*m + 3. Suppose -2*v - 107 = -5*g, 5*v = -3*g + 2*v + 81. Let o = 20 - g. Calculate t(o).
9
Let d(n) be the third derivative of -n**5/20 + n**3/6 + 24*n**2 + 6*n. Calculate d(2).
-11
Let p(k) = k**2 + 8*k + 9. Suppose 7*u - 5*u + 2*t = 0, -5*t = -2*u - 35. What is p(u)?
-6
Let j(s) be the first derivative of 3 + s**2 + 3*s + 1/3*s**3. Let v be (8/(-10))/(6/15). What is j(v)?
3
Let k(t) = -5*t + 5. Let f be k(1). Let m(d) = f - 17*d**2 - 1 - 14*d**2 + 28*d**2. Give m(2).
-13
Let q(k) be the first derivative of -k**6/120 + 2*k**5/15 - 3*k**4/8 + k**3/2 + 43*k**2/2 - 42. Let x(t) be the second derivative of q(t). What is x(7)?
-11
Let f be (-12)/(2/((-6)/1) + 1). Let s(v) = 2*v**2 + 36*v - 2. What is s(f)?
-2
Let a(g) = -378*g + 779*g - 400*g - 12 - g**3 + g**2. Determine a(0).
-12
Let o = -95 - -103. Let q(j) = 2 + o + j**3 - 9. Calculate q(1).
2
Let v(d) = d - 8. Let l be v(11). Let i be (l/(-6))/((-4)/40). Suppose -i*x + 24 = x. Let y(h) = h**2 - 2*h - 4. Determine y(x).
4
Let i(c) = 2*c**2 + 4*c - 4*c + 0*c**2. Calculate i(2).
8
Let j = -633 - -637. Let h(v) be the second derivative of -2*v**2 + 0 + 1/12*v**j - 2/3*v**3 + 8*v. What is h(5)?
1
Let w(b) = -b**2 + 3*b. Let k be w(3). Suppose -f = -k - 2. Let n(p) = 2*p**f - p - p**3 + p + 4*p - 4. What is n(3)?
-1
Let u(j) = 3*j + 28. Let y(w) = -2*w - 20. Let v(b) = -3*u(b) - 4*y(b). What is v(5)?
-9
Suppose -g - 3*c = -29, -4*g - 6*c + 138 = -5*c. Let r(n) = -g*n + 20*n - 5*n**2 - n**3 + 13*n + 1. Determine r(-5).
11
Let n(z) = -z + 2. Let b = 42 + -34. Suppose 2*u - 4*o + 8 = 0, 2*u - b = 5*u - 4*o. Determine n(u).
2
Let o(w) = 8*w - 206. Let k be o(25). Let z(f) = 2*f**2 + 5*f - 8. Give z(k).
34
Let d(j) be the second derivative of -j**4/12 + 7*j**3/3 - 4*j**2 + 135*j. Give d(13).
5
Let k = -26 - -24. Let j(n) = n - 10. Let v(i) = -1. Let t(p) = -2*j(p) + 18*v(p). Give t(k).
6
Let c(o) = 0*o**2 + 4 + 161*o**3 + o**2 + o - 5*o**2 - 160*o**3 + o. Suppose i = 8 + 1. Let f = i + -5. What is c(f)?
12
Let r(j) = 8 + 0 + 18*j - 31*j - j**3 - 6*j**2 + 9*j. Determine r(-4).
-8
Let c = 14 - 15. Let i(q) = -q - 2. Let w(x) = 5*x + 5. Let s(t) = c*i(t) - w(t). Determine s(-3).
9
Suppose 4*g + 5*o - 28 = 0, 3*g = -3*o + 22 - 4. Let p(f) be the second derivative of -f**3/3 + f**2 - f - 71. What is p(g)?
-2
Let f(s) = 5*s + 8. Let c be 1/((1 + -3)/(-6)). Let d(t) = 2*t + 3. Let l(h) = c*f(h) - 8*d(h). Determine l(7).
-7
Let x(a) = a**3 - 10*a**2 + 13*a - 1. Let o be x(9). Suppose 3*w - 7 = v + 6*w, 3*v = 5*w + o. Let h = v + -9. Let u(r) = -r**3 - 4*r**2. Give u(h).
0
Let h = 15 - 7. Let f be ((-6)/h)/((-4)/(-128)*4). Let i(p) = -p**2 - 7*p + 4. Calculate i(f).
10
Let c be (-105)/(-147) + 6/21. Let b(h) = -8*h**3 + h - 1. What is b(c)?
-8
Let y(c) = c**2 - 16*c + 21. Suppose 2*b - 4 = 0, -5*d - 2*b + 81 = 2. Calculate y(d).
6
Let a(g) = -g**3 - 8*g**2 - g + 2. Let p = -1102 + 1097. Determine a(p).
-68
Let l(p) be the third derivative of p**6/120 - p**5/4 - 2*p**4/3 + p**3/2 + 5*p**2 + 2. Give l(16).
3
Let i(j) = -j. Let a be i(-1). Let n(q) = 39 - 9 - 18 - 5*q - 11. Calculate n(a).
-4
Let n = -959 + 965. Let c(l) = l**3 - 4*l**2 - 9*l + 5. Determine c(n).
23
Let m = 45 - 47. Let y(n) = -n**2 - 3*n**2 + 5*n**2. What is y(m)?
4
Let l be (-7)/(-14)*(3 + -4 - -19). Let k(r) = 8*r - l*r**3 + 10*r**3 + 0 - 8 + 10*r**2. Give k(-9).
1
Let k(n) = 3*n**2 - 1. Suppose 3*i - 5 - 1 = 0, 5*g - 12 = 4*i. Let z = g - 5. Determine k(z).
2
Let i(b) be the second derivative of -b**4/12 + b**3/2 + b**2 - 38*b. Calculate i(4).
-2
Let q = -14 - -13. Let b be (9 - 10)*(-1 + q). Let m(h) = 5*h - h + h**3 - h + 0*h - 6 - 4*h**b. Give m(4).
6
Suppose -4*x - 5*y - 17 = 0, -3*x + 0 - 8 = -y. Let h(l) be the third derivative of 0 - 1/60*l**5 + 0*l - 1/6*l**4 + 0*l**3 + 3*l**2. Calculate h(x).
3
Let a = -1 - -1. Let r be 144/15 - ((-22)/5 + 4). Let w(q) = 5*q**2 - 4*q**2 + r - 14. Calculate w(a).
-4
Let v(z) = z**3 - 4*z**2 + 5*z + 2. Let k(r) = -r**3 + 3*r**2 - 4*r - 1. Suppose -9*m = -6*m - 6. Let f(b) = m*v(b) + 3*k(b). Determine f(1).
-1
Let i(o) = 1 + 7*o**2 - 12*o**3 - 8*o**2 + o + 2*o**2. Suppose 2 = -9*b + 7*b. Determine i(b).
13
Let y(k) = k**3 + 1. Let d(p) = -p**3 - 2*p**2 - 3*p + 1. Let u(z) = -d(z) - 2*y(z). Let h = -111 + 114. Determine u(h).
-3
Suppose 6774 = 5*l - 4531. Let w(o) = -l*o - 1 + 2264*o + o**2 + 2. Calculate w(-3).
1
Let m = 1845 + -1837. Let k(c) be the second derivative of c**3/6 - 3*c**2/2 - c. What is k(m)?
5
Let f(o) = 7*o**2 - 5*o + 37. Let s(x) = 3*x**2 - 2*x + 17. Let v(r) = 4*f(r) - 9*s(r). Determine v(4).
3
Let f(x) = -2*x - x - 6*x**2 + x**2 + 4*x**2 + 3. Let i = 29 + -14. Suppose 9*w - 4*w = -i. What is f(w)?
3
Suppose -4*g + 8 = -k, 2*k - 20 = -2*g - 6. Let y(o) = o**3 - 2*o**2 - 2*o + 3. Determine y(g).
6
Let p = 347 + -338. Let z(s) be the first derivative of -s**3/3 + 5*s**2 - 11*s - 2. Give z(p).
-2
Let v(a) = 2*a + 1. Let f(l) = 7*l - 1. Let b = -7 + 8. Let s be f(b). Let m be -1*(0 - (s + -3)). Give v(m).
7
Let t be (-2 - (-2)/4) + 79/2. Suppose 2*s - 3*v - 6 = 5*s, t = -5*s + 2*v. Let x(d) = -d**2 - 6*d + 6. Calculate x(s).
6
Let y(c) be the second derivative of c**5/20 - c**4/12 - 13*c**2/2 + 4*c. Suppose 0 = -0*g - g + 2*g. Calculate y(g).
-13
Let u(s) = 5*s + 9. Let m(q) be the first derivative of -q**3/3 + q**2/2 + q - 20. Let h(w) = m(w) + u(w). Determine h(7).
3
Suppose -3*u = u - 5*z + 36, 16 = -4*z. Let a = u + 16. Let r(w) = -6*w**a + 6*w + 9*w**2 + 8 - 2*w**2. Determine r(-6).
8
Let i(p) = 4*p - 271 - 269 - 5*p + 539. Give i(-8).
7
Let k(s) = 2*s. Let n = 14 - 9. Let t(a) = -a + 0 + 2 - n + 2. Let y(q) = k(q) + t(q). Calculate y(5).
4
Let h(t) = t**2 - 5*t + 4. Suppose -3 = -11*r + 107. Suppose 0 = g + g - r. What is h(g)?
4
Suppose 27*a = 63*a - 468. Let z(n) be the first derivative of -a*n - 2 + 1/2*n**2. Determine z(7).
-6
Let n(m) be the second derivative of m**6/720 - m**5/120 - 17*m**4/12 + m. Let w(o) be the third derivative of n(o). Give w(-4).
-5
Suppose 0 = 4*q - 2*f, q = -f + 4 - 1. Let v(h) = 3 + h + 3 - 1 - q. Suppose 4*j - 35 = 5*w, 3*j + 16 = 8*j + 3*w. What is v(j)?
9
Suppose 2*n = 4*u + 2, 0*n + 5*n + 2 = 3*u. Let l = u + -2. Let i(h) = 14*h + 0*h**2 - 15*h - h**2 + 4. What is i(